 Let k be 32/(-40) - 48/n. Suppose -3*j + 7505 = k*x, -3*j + 10014 = j - 2*x. Is j prime?
True
Let g(s) = -4*s**2 + 5*s + 2. Let q(k) = k**2 - k. Let j be q(-1). Let i be g(j). Is (i - -2)*251/(-2) composite?
False
Suppose -p = 4*k + 17, -2*p - 4*k = -2*k + 10. Is ((-1 - 0) + (-1062 - -2))*p prime?
True
Let f = -42 + 188. Let h(b) = 24*b + f*b + 36 - 9. Is h(5) prime?
True
Let z(a) = 216*a**3 - 40*a**2 + 599*a + 4. Is z(13) composite?
False
Suppose 12*s = 30836 + 7384. Let q = -894 + s. Is q prime?
False
Suppose 20 = -0*w - w + 5*j, -2*j = -4*w - 44. Let z be 12/w*(-20)/6. Suppose 454 + 374 = 4*h + z*o, 5*o = -2*h + 408. Is h prime?
False
Suppose -h - 3*m = 4 - 1, 2*h + 5*m = -6. Is (-49998)/(-9) + 4/h prime?
False
Suppose -22*p + 107 - 107 = 0. Suppose p = 20*f - 24500 - 185440. Is f a composite number?
True
Suppose -8 = 13*i - 5*i. Is ((i/(-2))/(-1))/(12/(-28344)) prime?
True
Let o(t) = -5*t**3 - 23*t**2 - 30*t + 3. Let w(m) = 4*m**3 + 23*m**2 + 29*m - 4. Let z(c) = -3*o(c) - 4*w(c). Is z(-22) a prime number?
False
Suppose -28*k = -7*k - 229593. Let p = 19031 - k. Is p prime?
False
Let t(a) = 164*a**3 + 3*a**2 - a - 3. Suppose 8 = 4*q, 3*r + q - 8 = 9. Suppose -d + 13 = r*j + 2*d, 2*j = -2*d + 6. Is t(j) a composite number?
False
Let v(t) = 2*t**3 - 25*t**2 - 22*t + 63. Let p be v(16). Let a = 592 + p. Is a composite?
True
Let m = 7942 - 5609. Is m a composite number?
False
Is (-1 + -1)*-5498 - (16/8 + -5) a prime number?
False
Let m(f) = 2716*f**3 - 8*f**2 - 9*f + 11. Let b(o) = 1358*o**3 - 4*o**2 - 4*o + 5. Let q(x) = -9*b(x) + 4*m(x). Is q(-1) composite?
False
Let m(p) be the third derivative of -p**6/40 - p**5/6 + 2*p**4/3 - 5*p**3/6 - 38*p**2. Is m(-14) a composite number?
False
Let c(j) = 715*j**2 + 137*j - 6721. Is c(40) a composite number?
False
Let a(i) = 295*i + 233. Let o be a(-6). Let m = 2170 - o. Is m a composite number?
True
Suppose 0 = 24*t - 12*t + 1680. Is t*88/(-1) - -3 a prime number?
True
Suppose 40*d + 133882 = 56309 + 738613. Is d a prime number?
False
Let j = 175290 - 91355. Is j a prime number?
False
Suppose 3*y - 1414079 = -2*y - 470694. Is y a composite number?
False
Let f(j) = -23*j**2 - 3*j - 75. Let i(o) = -22*o**2 - 3*o - 73. Let k(h) = 3*f(h) - 4*i(h). Is k(12) a composite number?
True
Let t(y) = -17*y**2 + 6*y + 26. Let h(l) = -17*l**2 + 6*l + 25. Let m = 58 + -54. Let c(x) = m*t(x) - 5*h(x). Is c(8) a composite number?
False
Suppose -5*p = -4*b - 32, -2*p + 3*b + 17 = -0*b. Suppose 0 = -36*x + 34*x + p. Is -5 - -128 - 1 - (-2)/x a prime number?
False
Suppose 57 = -a + 5*a - 3*k, 5*a - 78 = -3*k. Suppose 6*m - 9*m + a = 0. Suppose 0 = -j + 4*v + 19, -j + 14 + 8 = -m*v. Is j a composite number?
False
Let s = 923551 - 618408. Is s prime?
True
Suppose -v - 2*k + 66916 = 0, -5*v = 4*k - 504983 + 170391. Let u = -44439 + v. Is u prime?
True
Let l be 0/1 - (-7 - 9). Let s = 18 - l. Suppose 0 = -s*q - 3*v + 314, 2*q - 795 = -3*q - 5*v. Is q a prime number?
True
Suppose -56*x = -45*x - 20350. Suppose 8787 + x = l. Is l prime?
False
Suppose 6*c - 2*c = -2*f + 2814, -4*c = f - 1401. Let h = f + 664. Is h a composite number?
True
Suppose 2*x - 11 + 23 = 0. Let g = 92 - x. Suppose -g = 2*z - 1456. Is z prime?
False
Let t be 4 + (237 - (5 + -8)). Suppose -239*k + t*k - 19945 = 0. Is k prime?
True
Suppose -3*o + 2*s = 7*s - 67182, 4*o = -s + 89576. Is o prime?
False
Suppose 0 = -11*t - 673 + 18801. Let z = t - 895. Is z a prime number?
False
Let z = -189559 + 268646. Is z prime?
True
Let w(c) = 51*c**3 + 2*c**2 - 4*c - 4. Suppose 8*q - 63 = -13*q. Is w(q) a composite number?
True
Let g(z) = 13076*z - 6583. Is g(27) composite?
False
Let s(u) = -11546*u + 1016. Is s(-13) a composite number?
True
Suppose 0 = -5*g - 10, 5*o + 5*g - 29199 + 9304 = 0. Let n = -2336 + o. Suppose 11*u = 6*u + n. Is u a prime number?
False
Suppose 0 = 15*z + 6*z - 701043. Is 3/2*(z/21 - 1) prime?
True
Let x be (-1091)/(-3) + (-6)/72*8. Suppose -x - 272 = -5*k. Is k composite?
False
Let w = -20 - -594. Let k be 227*(1 - (0 + 0)). Let y = w - k. Is y a composite number?
False
Suppose -3*r + 8 = r, -282 = 4*p - r. Let s = p + 25. Is 1 - 5 - (-9)/(s/(-3190)) a prime number?
False
Is 771357392/676 + (115/65 - 2) a prime number?
True
Let m(u) = u**3 + 10*u**2 - 18*u - 24. Let b be m(-11). Let s = 64 - b. Suppose 9*k + 2014 = s*k. Is k composite?
True
Let j(i) = 20*i - 193. Let t(n) = 20*n - 191. Let p(g) = 7*j(g) - 6*t(g). Is p(16) composite?
True
Let b(x) = 3*x**2 - 2*x - 2. Let y = -122 + 124. Let p be (y + 0)*(-7)/(-2). Is b(p) composite?
False
Let d = 138478 - -154431. Is d a prime number?
True
Is (26748 - 3) + 33 + -19 prime?
True
Let f(x) = -x**3 - 2*x**2 + 2*x + 4. Let p be f(-3). Suppose 48969 - 9748 = p*m. Is m a prime number?
False
Suppose -3015*n = -2994*n - 8432907. Is n prime?
True
Suppose -o - o + 6 = 0, 24 = 5*s - 2*o. Suppose 0 = h - 3*n, -2*h + h - 3*n = -s. Suppose 0 = -5*k - 4*f + 83, k - 4 = -h*f - 2*f. Is k composite?
False
Let k(c) be the second derivative of c**8/840 - c**6/240 + c**5/120 + 3*c**4/2 - 4*c. Let b(x) be the third derivative of k(x). Is b(2) prime?
True
Let j(s) = -2*s**2 + 84*s - 160. Let k be j(40). Suppose 8*f - 2381 = 5*f + 4*r, k = 3*f - 2*r - 2377. Is f a composite number?
True
Let k = -81 + 74. Let m = k + -79. Is (0 + m/3)/(8/(-204)) composite?
True
Is (-8 + -36715)/((-140)/156 - 2/(-3)) a prime number?
False
Let h be (207/(-92))/(3/7864). Let m = -2183 - h. Is m prime?
False
Suppose -2*h - 504 = s, 3*h + 3*s = -h - 1004. Is h/((5/(-10))/((-13)/(-4))) a prime number?
False
Suppose 26*c + 14*c - 426348 = 4*c. Is c a composite number?
True
Suppose 2*f + 2*w = 123156, 0 = -5*f + 5*w + 222862 + 85038. Suppose 4*i - 4837 = -q + f, 3*i - 49821 = -3*q. Is i a prime number?
True
Is ((-706659)/6*1/2)/(25/(-100)) a prime number?
True
Let d(w) = w**3 - 11*w**2 + 12*w + 15. Let y be d(10). Suppose 4*k - 17 = y. Suppose k*z - 5*z - 2056 = 0. Is z composite?
False
Suppose 0 = -4*t - 2*d - 30, -9 - 36 = 3*t - 3*d. Let f(a) be the first derivative of 2*a**3/3 + 11*a**2/2 - 5*a + 4. Is f(t) a prime number?
False
Suppose 0 = r + y - 10, -5*y - 10 - 5 = 0. Suppose -r*k = -0*k - 65. Suppose -z = -3*p - 13 - 18, 109 = 3*z - k*p. Is z a composite number?
False
Let s(r) = 2*r - 20. Let j be s(7). Let w be j/8 - 52/16. Is w/2 + 162 + 1 a prime number?
False
Let i be 19/3 - 7/21. Suppose i*v - 1380 - 7086 = 0. Is v a composite number?
True
Suppose 38*q = 1130 + 3430. Is (12450/q)/((-2)/(-8)) a composite number?
True
Suppose -5*h + g - 36844 - 12067 = 0, 0 = -3*h + 5*g - 29351. Let o be (h - 1)/((9/(-6))/1). Suppose -u = -7*u + o. Is u a prime number?
True
Let c(g) = 24*g - 31. Let r be c(3). Let i(f) = 0*f**2 + r - 27 - f**3 + 16*f + 2*f**2. Is i(-5) prime?
True
Let k = 14 - 35. Let z = k - -26. Suppose -670 = -z*g + 3*g. Is g a prime number?
False
Let q = 362 - 364. Is ((-58994)/52)/(q/28) prime?
False
Suppose -3*w - 384491 = -4*q, 4*w = -9*q + 6*q + 288337. Is q prime?
False
Let h(l) = -1179*l - 2. Let s be h(-1). Suppose -s + 4165 = -9*d. Is (d + -4)/(-4) - 1 prime?
True
Suppose 5*t + 192 = 632. Let f = t - 11. Is f composite?
True
Let a be (-23)/(-4) + 9/(-12). Suppose -364 = -4*c + a*q, q - 2*q = -5*c + 434. Suppose u - 37 - c = 0. Is u prime?
False
Let f be (9 + -21)*(-594)/4. Suppose -2*w = 4*n - 1802, -6*w = -4*w - n - f. Is w prime?
False
Let s be 1134*(1/(-2) - 1491/(-18)). Let y = -54935 + s. Is y a prime number?
True
Suppose -5*s = -3*k - 2666406 - 1412818, -3*s - k = -2447526. Is s a prime number?
False
Suppose r = -64*j + 68*j + 61418, -2*j = 5*r - 306958. Is r prime?
False
Let o = 138184 - -527239. Is o a prime number?
False
Suppose 24 = -0*a - a. Let q = a - -30. Suppose 3*l = q*l - 393. Is l prime?
True
Let p(s) = 81*s - 2. Let t be (-2 - -2) + 15 + (-8 - -8). Is p(t) a composite number?
False
Is (52 - 1188/22)*(4449602/(-4) + 0) prime?
True
Let g = 76 - 74. Is (-1 - (0 - g))*14622/6 a composite number?
False
Let v(x) = 6*x**3 - 10*x**2 - 3*x + 16. Is v(5) a prime number?
False
Let u(n) = 12115*n - 2501. Is u(38) a prime number?
False
Suppose 2*s - 5*u - 9439 = 0, 12*u - 10*u + 2 = 0. Is s a prime number?
False
Let x(c) = -10*c**3 + 4*c**2 + 19*c + 12. Let t be x(-6). Suppose 0*p = -p + s + t, -4*p + 5*s + 8807 =